is divided by 41.
40
Calculate the remainder when 895 is divided by 56.
55
What is the remainder when 106 is divided by 24?
10
Calculate the remainder when 188 is divided by 88.
12
Calculate the remainder when 64 is divided by 39.
25
What is the remainder when 764 is divided by 22?
16
Calculate the remainder when 541 is divided by 38.
9
Calculate the remainder when 13 is divided by 3.
1
Calculate the remainder when 493 is divided by 31.
28
What is the remainder when 3952 is divided by 104?
0
What is the remainder when 1597 is divided by 34?
33
What is the remainder when 40076 is divided by 9?
8
Calculate the remainder when 2456 is divided by 41.
37
What is the remainder when 453 is divided by 24?
21
Calculate the remainder when 314 is divided by 53.
49
What is the remainder when 2386 is divided by 100?
86
Calculate the remainder when 311 is divided by 104.
103
What is the remainder when 1116 is divided by 160?
156
Calculate the remainder when 806 is divided by 258.
32
Calculate the remainder when 478 is divided by 226.
26
Calculate the remainder when 1471 is divided by 184.
183
Calculate the remainder when 94 is divided by 79.
15
Calculate the remainder when 82 is divided by 29.
24
Calculate the remainder when 3033 is divided by 82.
81
What is the remainder when 1900 is divided by 63?
10
What is the remainder when 246 is divided by 31?
29
Calculate the remainder when 1661 is divided by 7.
2
Calculate the remainder when 1580 is divided by 315.
5
Calculate the remainder when 7804 is divided by 559.
537
What is the remainder when 87 is divided by 37?
13
Calculate the remainder when 149 is divided by 137.
12
Calculate the remainder when 336 is divided by 19.
13
What is the remainder when 518 is divided by 516?
2
Calculate the remainder when 1050 is divided by 260.
10
Calculate the remainder when 699 is divided by 18.
15
Calculate the remainder when 24749 is divided by 275.
274
What is the remainder when 276 is divided by 28?
24
What is the remainder when 4 is divided by 4?
0
Calculate the remainder when 342 is divided by 88.
78
What is the remainder when 52 is divided by 20?
12
What is the remainder when 70 is divided by 13?
5
What is the remainder when 128 is divided by 40?
8
What is the remainder when 696 is divided by 245?
206
What is the remainder when 315 is divided by 46?
39
Calculate the remainder when 307 is divided by 115.
77
Calculate the remainder when 332 is divided by 85.
77
Calculate the remainder when 308 is divided by 39.
35
Calculate the remainder when 34 is divided by 13.
8
What is the remainder when 1769 is divided by 118?
117
What is the remainder when 126 is divided by 13?
9
Calculate the remainder when 461 is divided by 236.
225
Calculate the remainder when 299 is divided by 143.
13
What is the remainder when 274 is divided by 139?
135
Calculate the remainder when 134 is divided by 69.
65
Calculate the remainder when 1000 is divided by 330.
10
What is the remainder when 567 is divided by 142?
141
What is the remainder when 2013 is divided by 1001?
11
What is the remainder when 923 is divided by 37?
35
Calculate the remainder when 377 is divided by 63.
62
Calculate the remainder when 1128 is divided by 87.
84
Calculate the remainder when 6453 is divided by 7.
6
Calculate the remainder when 38517 is divided by 214.
211
Calculate the remainder when 876 is divided by 410.
56
What is the remainder when 1046 is divided by 70?
66
What is the remainder when 396 is divided by 40?
36
Calculate the remainder when 1131 is divided by 54.
51
Calculate the remainder when 220 is divided by 46.
36
Calculate the remainder when 4009 is divided by 21.
19
What is the remainder when 45 is divided by 6?
3
What is the remainder when 504 is divided by 135?
99
What is the remainder when 286 is divided by 41?
40
Calculate the remainder when 370 is divided by 29.
22
What is the remainder when 139 is divided by 7?
6
What is the remainder when 40 is divided by 10?
0
Calculate the remainder when 37 is divided by 30.
7
Calculate the remainder when 151 is divided by 26.
21
What is the remainder when 2277 is divided by 2271?
6
Calculate the remainder when 424 is divided by 139.
7
What is the remainder when 5529 is divided by 20?
9
What is the remainder when 959 is divided by 27?
14
Calculate the remainder when 1528 is divided by 6.
4
Calculate the remainder when 85 is divided by 39.
7
Calculate the remainder when 3590 is divided by 40.
30
Calculate the remainder when 155 is divided by 79.
76
What is the remainder when 2369 is divided by 10?
9
What is the remainder when 269 is divided by 9?
8
Calculate the remainder when 2779 is divided by 309.
307
What is the remainder when 2076 is divided by 351?
321
What is the remainder when 130 is divided by 36?
22
What is the remainder when 961 is divided by 920?
41
What is the remainder when 25372 is divided by 35?
32
What is the remainder when 402 is divided by 45?
42
What is the remainder when 134 is divided by 27?
26
Calculate the remainder when 54 is divided by 14.
12
What is the remainder when 18 is divided by 4?
2
Calculate the remainder when 1287 is divided by 8.
7
Calculate the remainder when 27 is divided by 10.
7
Calculate the remainder when 492 is divided by 82.
0
What is the remainder when 491 is divided by 99?
95
What is the remainder when 13110 is divided by 44?
42
Calculate the remainder when 1448 is divided by 16.
8
Calculate the remainder when 88 is divided by 39.
10
Calculate the remainder when 72 is divided by 47.
25
Calculate the remainder when 1584 is divided by 164.
108
What is the remainder when 579 is divided by 145?
144
Calculate the remainder when 432 is divided by 86.
2
Calculate the remainder when 6407 is divided by 24.
23
What is the remainder when 134 is divided by 5?
4
What is the remainder when 120 is divided by 34?
18
What is the remainder when 4114 is divided by 57?
10
What is the remainder when 263 is divided by 24?
23
What is the remainder when 304 is divided by 22?
18
Calculate the remainder when 485 is divided by 86.
55
What is the remainder when 1642 is divided by 53?
52
What is the remainder when 1198 is divided by 40?
38
What is the remainder when 104 is divided by 18?
14
Calculate the remainder when 78 is divided by 41.
37
What is the remainder when 148 is divided by 32?
20
What is the remainder when 83 is divided by 29?
25
Calculate the remainder when 18094 is divided by 48.
46
What is the remainder when 6224 is divided by 13?
10
What is the remainder when 276 is divided by 34?
4
Calculate the remainder when 304 is divided by 4.
0
What is the remainder when 13 is divided by 5?
3
Calculate the remainder when 901 is divided by 176.
21
Calculate the remainder when 18902 is divided by 23.
19
Calculate the remainder when 44462 is divided by 8.
6
Calculate the remainder when 769 is divided by 134.
99
What is the remainder when 1414 is divided by 452?
58
Calculate the remainder when 1530 is divided by 37.
13
Calculate the remainder when 297 is divided by 67.
29
Calculate the remainder when 1487 is divided by 124.
123
What is the remainder when 147 is divided by 20?
7
What is the remainder when 637 is divided by 131?
113
Calculate the remainder when 208 is divided by 85.
38
Calculate the remainder when 278 is divided by 263.
15
Calculate the remainder when 615 is divided by 28.
27
What is the remainder when 3052 is divided by 20?
12
Calculate the remainder when 3686 is divided by 30.
26
Calculate the remainder when 2087 is divided by 52.
7
Calculate the remainder when 1952 is divided by 22.
16
Calculate the remainder when 634 is divided by 136.
90
What is the remainder when 1088 is divided by 274?
266
Calculate the remainder when 596 is divided by 10.
6
What is the remainder when 166 is divided by 155?
11
Calculate the remainder when 82 is divided by 21.
19
Calculate the remainder when 492 is divided by 29.
28
Calculate the remainder when 61 is divided by 1.
0
What is the remainder when 326 is divided by 55?
51
Calculate the remainder when 136 is divided by 28.
24
Calculate the remainder when 149045 is divided by 31.
28
Calculate the remainder when 317 is divided by 57.
32
Calculate the remainder when 166 is divided by 24.
22
What is the remainder when 672 is divided by 27?
24
Cal